vided by 37086.
0
Calculate the remainder when 300 is divided by 203.
97
What is the remainder when 15299 is divided by 170?
169
What is the remainder when 6822 is divided by 113?
42
Calculate the remainder when 8124 is divided by 1018.
998
What is the remainder when 1245287 is divided by 287?
281
Calculate the remainder when 7594 is divided by 932.
138
Calculate the remainder when 566634 is divided by 118.
116
Calculate the remainder when 5862 is divided by 245.
227
Calculate the remainder when 6030 is divided by 71.
66
Calculate the remainder when 2211 is divided by 149.
125
What is the remainder when 8443 is divided by 754?
149
What is the remainder when 1494 is divided by 360?
54
What is the remainder when 3424 is divided by 1527?
370
What is the remainder when 60806 is divided by 2432?
6
Calculate the remainder when 252405 is divided by 84130.
15
Calculate the remainder when 5547 is divided by 2456.
635
What is the remainder when 1252 is divided by 258?
220
What is the remainder when 4069 is divided by 90?
19
What is the remainder when 984347 is divided by 262?
13
Calculate the remainder when 96 is divided by 17.
11
What is the remainder when 2761633 is divided by 26?
17
What is the remainder when 251 is divided by 1?
0
Calculate the remainder when 2446524 is divided by 889.
885
What is the remainder when 1376 is divided by 444?
44
Calculate the remainder when 8849 is divided by 1749.
104
Calculate the remainder when 15088 is divided by 3661.
444
Calculate the remainder when 7987 is divided by 148.
143
Calculate the remainder when 62493 is divided by 13.
2
Calculate the remainder when 73464 is divided by 10491.
27
Calculate the remainder when 30213 is divided by 24.
21
What is the remainder when 15540 is divided by 541?
392
Calculate the remainder when 111743 is divided by 32.
31
What is the remainder when 1053 is divided by 212?
205
What is the remainder when 31089 is divided by 241?
0
What is the remainder when 8768 is divided by 40?
8
Calculate the remainder when 25501 is divided by 12749.
3
Calculate the remainder when 13191 is divided by 5814.
1563
What is the remainder when 6969 is divided by 135?
84
What is the remainder when 7038 is divided by 144?
126
What is the remainder when 19490 is divided by 256?
34
Calculate the remainder when 4258 is divided by 3652.
606
What is the remainder when 2942 is divided by 34?
18
What is the remainder when 12653 is divided by 1610?
1383
Calculate the remainder when 4793 is divided by 518.
131
What is the remainder when 30454 is divided by 1902?
22
What is the remainder when 9520 is divided by 398?
366
Calculate the remainder when 25177 is divided by 341.
284
What is the remainder when 55513 is divided by 40?
33
Calculate the remainder when 211938 is divided by 20.
18
What is the remainder when 529819 is divided by 279?
277
What is the remainder when 129904 is divided by 127?
110
What is the remainder when 42839 is divided by 210?
209
Calculate the remainder when 61166 is divided by 527.
34
What is the remainder when 119697 is divided by 29913?
45
Calculate the remainder when 10139 is divided by 10125.
14
What is the remainder when 5533 is divided by 253?
220
Calculate the remainder when 3857695 is divided by 35.
30
Calculate the remainder when 12531 is divided by 1776.
99
What is the remainder when 18469 is divided by 29?
25
Calculate the remainder when 179817 is divided by 52.
1
Calculate the remainder when 59114 is divided by 2113.
2063
What is the remainder when 3420 is divided by 202?
188
What is the remainder when 3028 is divided by 201?
13
What is the remainder when 78504 is divided by 39252?
0
What is the remainder when 2522 is divided by 106?
84
Calculate the remainder when 27130 is divided by 13560.
10
Calculate the remainder when 833964 is divided by 171.
168
What is the remainder when 29759 is divided by 192?
191
What is the remainder when 115473 is divided by 23094?
3
What is the remainder when 5375 is divided by 155?
105
What is the remainder when 1598 is divided by 781?
36
What is the remainder when 225 is divided by 75?
0
Calculate the remainder when 4188 is divided by 679.
114
Calculate the remainder when 13042 is divided by 4333.
43
Calculate the remainder when 1162 is divided by 177.
100
What is the remainder when 485571 is divided by 26?
21
What is the remainder when 23229 is divided by 7736?
21
Calculate the remainder when 21039 is divided by 638.
623
What is the remainder when 1506 is divided by 13?
11
Calculate the remainder when 519116 is divided by 1989.
1976
Calculate the remainder when 426668 is divided by 148.
132
What is the remainder when 32685 is divided by 1484?
37
Calculate the remainder when 1184 is divided by 210.
134
What is the remainder when 11984 is divided by 3985?
29
Calculate the remainder when 1677 is divided by 263.
99
Calculate the remainder when 4868 is divided by 72.
44
What is the remainder when 4551 is divided by 44?
19
Calculate the remainder when 160536 is divided by 230.
226
Calculate the remainder when 499536 is divided by 166508.
12
What is the remainder when 14508 is divided by 4833?
9
Calculate the remainder when 1897639 is divided by 10.
9
Calculate the remainder when 23152 is divided by 9.
4
What is the remainder when 1338 is divided by 11?
7
What is the remainder when 778 is divided by 100?
78
What is the remainder when 9479 is divided by 1891?
24
Calculate the remainder when 9423 is divided by 1698.
933
What is the remainder when 4023 is divided by 193?
163
Calculate the remainder when 5713 is divided by 159.
148
What is the remainder when 20604 is divided by 20592?
12
Calculate the remainder when 1943 is divided by 754.
435
Calculate the remainder when 8460887 is divided by 95.
92
Calculate the remainder when 58960 is divided by 567.
559
What is the remainder when 19191 is divided by 223?
13
Calculate the remainder when 281885 is divided by 19.
1
What is the remainder when 5245 is divided by 797?
463
Calculate the remainder when 29821 is divided by 60.
1
Calculate the remainder when 1098 is divided by 121.
9
What is the remainder when 23385 is divided by 1140?
585
Calculate the remainder when 4432 is divided by 578.
386
What is the remainder when 169864 is divided by 1649?
17
What is the remainder when 55164 is divided by 6895?
4
What is the remainder when 20735 is divided by 96?
95
Calculate the remainder when 16023 is divided by 641.
639
Calculate the remainder when 16329 is divided by 7839.
651
What is the remainder when 11901 is divided by 128?
125
Calculate the remainder when 1066 is divided by 12.
10
What is the remainder when 1304 is divided by 27?
8
Calculate the remainder when 16167 is divided by 7529.
1109
What is the remainder when 220581 is divided by 220569?
12
What is the remainder when 5054 is divided by 640?
574
Calculate the remainder when 68580 is divided by 532.
484
What is the remainder when 3000 is divided by 204?
144
Calculate the remainder when 59 is divided by 18.
5
Calculate the remainder when 123187 is divided by 1062.
1057
What is the remainder when 120308 is divided by 17181?
41
What is the remainder when 27641 is divided by 741?
224
Calculate the remainder when 331358 is divided by 760.
758
What is the remainder when 2821 is divided by 348?
37
Calculate the remainder when 693932 is divided by 21685.
12
Calculate the remainder when 860 is divided by 60.
20
Calculate the remainder when 3464 is divided by 5.
4
Calculate the remainder when 9798 is divided by 2430.
78
Calculate the remainder when 87756 is divided by 49.
46
What is the remainder when 1641049 is divided by 58?
55
What is the remainder when 1668 is divided by 336?
324
Calculate the remainder when 33938 is divided by 335.
103
What is the remainder when 14851 is divided by 47?
46
What is the remainder when 84281 is divided by 905?
116
Calculate the remainder when 19242 is divided by 25.
17
What is the remainder when 499143 is divided by 2?
1
What is the remainder when 1366 is divided by 481?
404
What is the remainder when 2541 is divided by 232?
221
Calculate the remainder when 5065828 is divided by 30.
28
What is the remainder when 108879 is divided by 326?
321
What is the remainder when 19092 is divided by 150?
42
What is the remainder when 129